What is n(-6)?
-3
Let b(l) = -8*l**2 + 69*l + 9. Give b(9).
-18
Let l(z) = -z**2 - 4*z + 13. Determine l(-12).
-83
Let i(j) = -j**3 - 12*j**2 - 10*j + 14. Determine i(-11).
3
Let p(q) = -9*q + 8. Calculate p(-10).
98
Let q(k) = -4*k - 43. Give q(-8).
-11
Let u(r) = r**2 + 16*r + 67. What is u(-9)?
4
Let u(k) = -k**2 - k - 98. What is u(0)?
-98
Let n(v) = v**2 - 17*v - 347. Determine n(-12).
1
Let r(s) = s**3 + 34*s**2 - 36*s - 40. Give r(-35).
-5
Let m(a) = 8*a**3 - a**2 + 2. Calculate m(1).
9
Let p(n) = n + 10. Determine p(-11).
-1
Let s(c) = -c**3 + 23*c**2 + 36*c - 264. Calculate s(24).
24
Let p(i) = i**3 - 7*i**2 - 5*i + 5. Calculate p(7).
-30
Let i(b) = 3*b**2 - 17*b + 4. Give i(4).
-16
Let t(i) = -i - 1. Determine t(-6).
5
Let v(p) = 5*p - 11. Give v(2).
-1
Let y(g) = -g**3 + 20*g**2 - 34*g - 42. Give y(18).
-6
Let x(f) = 31*f - 104. What is x(10)?
206
Let f(q) = -6*q**2 + 25*q + 2. Give f(4).
6
Let i(v) = -21*v - 3. Determine i(0).
-3
Let a(m) = -14*m**2 - 3*m - 2. What is a(-2)?
-52
Let a(t) = -t - 48. What is a(0)?
-48
Let w(q) = -q**2 - 12*q - 32. What is w(-7)?
3
Let h(x) = -x**2 - x + 5. What is h(-4)?
-7
Let s(q) = 7*q**2 - 10*q + 35. Calculate s(3).
68
Let x(w) = -w**2 - 3*w + 2. Calculate x(-4).
-2
Let w(x) = x**2 + 2*x - 2. Calculate w(-3).
1
Let r(d) = -2*d**2 - d + 3. What is r(-2)?
-3
Let b(v) = 34*v + 11. Give b(2).
79
Let i(m) = -44*m + 225. Determine i(7).
-83
Let l(f) = 3*f**2 - 8*f - 19. Determine l(7).
72
Let x(s) = -2*s**2 - 36*s - 20. Give x(-15).
70
Let l(g) = 27*g**2 + 4*g - 5. Calculate l(1).
26
Let i(j) = j**3 + 2*j**2 - 3*j - 15. Calculate i(-3).
-15
Let z(w) = w**3 - 15*w**2 + 56*w + 9. Determine z(7).
9
Let n(z) = z**3 + 4*z**2 - 2*z - 5. Calculate n(-1).
0
Let l(z) = z + 31. Give l(-10).
21
Let g(w) = 15*w. Calculate g(-2).
-30
Let a(x) = 9*x - 8. Give a(2).
10
Let c(k) = 8*k + 467. Calculate c(-60).
-13
Let f(m) = -2*m**2 + 26*m - 14. Give f(12).
10
Let y(n) = 10*n**2 - 4*n + 1. Give y(1).
7
Let t(v) = -3*v**2 - 7*v - 6. What is t(-4)?
-26
Let i(m) = m**2 - 10*m + 9. Calculate i(7).
-12
Let p(y) = y**3 - 4*y**2 + 3. Give p(2).
-5
Let a(u) = u**3 + 8*u**2 + 7*u + 7. Give a(-7).
7
Let w(h) = h**3 - 5*h**2 + 6. What is w(-3)?
-66
Let l(g) = -2*g**2 - g - 1. Calculate l(-1).
-2
Let a(m) = -7*m**2 - 70*m - 10. Determine a(-10).
-10
Let g(u) = -2*u + 22. Calculate g(7).
8
Let s(d) = -d**3 + 15*d**2 + 33*d - 1. What is s(17)?
-18
Let d(m) = m**3 + 7*m**2 + 9*m + 11. Give d(-6).
-7
Let v(b) = -5*b - 58. Calculate v(-12).
2
Let g(j) = -j**3 - 18*j**2 - 4. Determine g(-18).
-4
Let s(w) = -2*w**2 - 6*w + 83. Give s(6).
-25
Let r(m) = m**2 - 8*m + 4. What is r(6)?
-8
Let c(l) = 14*l**2 - 11*l + 10. Calculate c(1).
13
Let v(s) = -s**3 + 2*s**2 + 8*s + 4. Determine v(4).
4
Let b(y) = y**2 - 10*y + 34. Determine b(8).
18
Let j(f) = 5*f**2 + 9*f - 1. Determine j(-2).
1
Let p(z) = z + 2. Determine p(5).
7
Let w(g) = g**2 - 4*g + 5. What is w(3)?
2
Let a(h) = 3*h**3 + 38*h**2 + 26*h + 24. Calculate a(-12).
0
Let j(r) = 5*r - 73. Give j(14).
-3
Let x(b) = b**2 + 7*b + 6. What is x(-5)?
-4
Let k(z) = -10*z + 36. Give k(9).
-54
Let k(m) = 5*m - 28. Calculate k(7).
7
Let l(k) = -6*k - 21. Give l(-6).
15
Let i(p) = p**3 + 14*p**2 + 12*p - 19. Give i(-13).
-6
Let f(o) = -o**2 + 13*o - 16. What is f(12)?
-4
Let d(c) = -22*c - 6. Determine d(-3).
60
Let f(u) = -u + 2. What is f(1)?
1
Let g(z) = 2*z**3 + z**2 - 3*z + 1. Calculate g(-3).
-35
Let a(h) = -h**3 + 7*h**2 + 2*h - 6. Calculate a(7).
8
Let x(c) = -c**3 - 7*c**2 + 11*c + 4. What is x(-8)?
-20
Let v(m) = -2*m**2 - 10*m + 8. Give v(-6).
-4
Let p(r) = 6*r + 22. Give p(-12).
-50
Let p(i) = i**3 - 8*i**2 + 7*i + 15. Calculate p(7).
15
Let h(g) = -4*g - 125. Determine h(-29).
-9
Let d(m) = m**2 - 7. Calculate d(4).
9
Let s(w) = 5*w - 11. Calculate s(7).
24
Let h(p) = -20*p + 20. What is h(-3)?
80
Let c(k) = k**3 + 30*k**2 - 2*k + 16. Determine c(-30).
76
Let c(l) = l**3 + 28*l**2 + 30*l + 86. What is c(-27)?
5
Let c(q) = q**2 + 13*q + 15. Determine c(-10).
-15
Let a(r) = -2*r**2 - 13*r. Give a(-7).
-7
Let y(p) = -14*p + 13. Give y(4).
-43
Let s(v) = v**2 + 11*v + 33. What is s(-4)?
5
Let n(b) = b**3 + 5*b**2 - b - 8. Give n(-5).
-3
Let t(m) = -m**2 + 4*m + 7. What is t(6)?
-5
Let p(g) = 37*g - 5. Determine p(-2).
-79
Let m(n) = -n**3 - 4*n**2 + n + 2. Determine m(-6).
68
Let r(j) = -j**2 - 17*j - 64. What is r(-6)?
2
Let c(z) = 6*z - 60. Give c(11).
6
Let h(w) = -w**2 - 3*w + 12. What is h(0)?
12
Let y(a) = -a**2 + 5*a - 30. Determine y(5).
-30
Let u(s) = s**3 - 8*s**2 + 7*s - 3. Give u(5).
-43
Let n(y) = 2*y + 21. What is n(-4)?
13
Let a(k) = 46*k**2. Give a(-1).
46
Let i(h) = h**3 + 5*h**2 - 2*h + 6. What is i(-6)?
-18
Let d(w) = -w**3 - w + 30. Calculate d(0).
30
Let h(n) = -n**3 + 3*n**2 - 2*n - 4. Calculate h(3).
-10
Let q(h) = -h**3 - 5*h**2 - 2*h - 2. Give q(-5).
8
Let w(h) = -h**2 + 20*h + 51. What is w(22)?
7
Let y(k) = -k**2 - 34*k + 194. Give y(-39).
-1
Let h(d) = 4*d**2 - 4*d + 5. Give h(2).
13
Let k(q) = -q**2 - 15*q + 52. What is k(-18)?
-2
Let d(l) = -l**3 - 9*l**2 + 10*l + 14. Give d(-10).
14
Let z(y) = y - 25. Determine z(15).
-10
Let w(m) = 11*m - 8. Give w(11).
113
Let w(m) = 2*m**2 - 7*m - 25. Give w(6).
5
Let x(j) = 3*j**2 + 9*j - 1. Determine x(-4).
11
Let f(k) = 5*k - 1. Calculate f(-7).
-36
Let o(v) = 8*v**2 - v - 2. Calculate o(0).
-2
Let y(c) = 29*c - 759. Determine y(26).
-5
Let x(m) = -6*m**3 + 3*m**2 + 5*m + 9. Determine x(-2).
59
Let q(k) = k - 9. Calculate q(16).
7
Let i(q) = 5*q + 1. What is i(3)?
16
Let q(h) = -7*h + 22. Calculate q(11).
-55
Let h(d) = 2*d**3 - 36*d**2 - 37*d - 11. What is h(19)?
8
Let c(j) = -j**2 + 3. What is c(2)?
-1
Let v(o) = o**2 - 7*o - 8. Determine v(10).
22
Let q(c) = 18*c - 7. What is q(2)?
29
Let c(s) = -4*s + 31. What is c(21)?
-53
Let r(p) = -337*p - 1342. What is r(-4)?
6
Let j(v) = -31*v**2 + 278*v + 13. Calculate j(9).
4
Let m(f) = -2*f + 13. Give m(-11).
35
Let t(r) = r**3 + 3*r**2 + 2*r - 4. What is t(-4)?
-28
Let t(b) = 30*b + 62. Calculate t(-2).
2
Let h(i) = -2*i**2 + 14*i - 11. What is h(5)?
9
Let s(i) = 27*i - 859. What is s(32)?
5
Let c(w) = -8*w + 3. Calculate c(5).
-37
Let u(c) = c - 22. Determine u(15).
-7
Let j(w) = -6*w**2 + 6*w - 4. What is j(2)?
-16
Let j(u) = -u**3 + 16*u**2 - 19*u + 56. Calculate j(15).
-4
Let z(k) = -k**2 + 3*k + 10. Calculate z(6).
-8
Let w(t) = t**3 - 26*t**2 + 24*t + 11. What is w(25)?
-14
Let a(c) = -2*c - 1. What is a(8)?
-17
Let z(j) = j**2 - 9*j + 5. What is z(8)?
-3
Let n(l) = l**3 + 4*l**2 - 6*l + 11. Give n(-6).
-25
Let u(i) = 28*i + 1. Determine u(2).
57
Let l(i) = i**2 - 36*i + 193. Give l(27).
-50
Let j(w) = -w - 9. Give j(-4).
-5
Let f(t) = 2*t - 11. What is f(-6)?
-23
Let c(h) = 90*h - 1794. Calculate c(20).
6
Let i(h) = -50*h - 61. Determine i(-5).
189
Let o(n) = -n**3 - 16*n**2 - 64*n - 4. Determine o(-8).
-4
Let s(h) = h**2 + 4*h + 12. Calculate s(-9).
57
Let j(k) = k + 15. What is j(-21)?
-6
Let d(j) = 2*j - 77. Determine d(35).
-7
Let z(y) = y**3 + y**2 - 2*y - 1. Determine z(-3).
-13
Let o(j) = -2*j - 4. Give o(5).
-14
Let q(r) = -16*r**2 + 2. Give q(-2).
-62
Let v(g) = 21*g**3 - 6*g**2 + 4*g + 1. Determine v(1).
20
Let d(w) = w**3 + 3*w**2 - 6*w + 11. Give d(0).
11
Let j(i) = 6*i - 27. Calculate j(6).
9
Let b(h) = -h**2 + 7*h - 12. Give b(5).
-2
Let b(i) = -5*i + 14. Calculate b(2).
4
Let y(x) = -x**3 + 18*x**2 - 20*x + 13. Determine y(17).
-38
Let f(l) = 8*l. Give f(-2).
-16
Let s(j) = j**2 - 12*j - 19. Give s(13).
-6
Let z(p) = p**2 + 4*p + 2. What is z(4)?
34
Let w(d) = d**3 + 8*d**2 - 11. What is w(-8)?
-11
Let z(k) = -k**2 - 4*k + 43. Give z(-9).
-2
Let r(s) = -s**3 - 11*s**2 + 12*s + 12. What is r(-12)?
12
Let v(w) = w**2 + 11*w + 9. Give v(-8).
-15
Let h(u) = u**2 + 21*u + 80. What is h(-16)?
0
Let t(r) = 4*r**3 + 43*r**2 + 27*r - 24. What is t(-10)?
6
Let s(j) = j**2 - j - 21. Give s(0).
-21
Let g(i) = 2*i**2 - 3*i + 4. What is g(3)?
13
Let b(w) = -w**3 - 6*w**2 - 16. Give b(-6).
-16
Let y(d) = -d**2 + 6*d - 6. What is y(4)?
2
Let m(r) = -2*r - 4. Calculate m(4).
-12
Let z(c) = -c**3 - 8*c**2 - 4*c - 3. What is z(-4)?
-51
Let t(j) = 8*j - 2. Give t(3).
22
Let x(z) = 3*z**2 + 4*z - 1. Determine x(1).
6
Let c(x) = x**3 - 27*x**2 + 22*x + 99. Calculate